-c6ad8
In base 13, what is -38185b5 + 0?
-38185b5
In base 4, what is 1001031231 - 11310?
1001013321
In base 11, what is -621576 - 253?
-621819
In base 6, what is -352140021023 + 2?
-352140021021
In base 15, what is -256 + -c53?
-ea9
In base 11, what is 2a57 - 323?
2734
In base 7, what is -2412 - 352055?
-354500
In base 6, what is 0 - -22215245?
22215245
In base 15, what is 6 - 26ca1?
-26c9a
In base 15, what is -32 + -abdea6?
-abded8
In base 13, what is -642b32 - 36?
-642b68
In base 6, what is 543 + -513541?
-512554
In base 10, what is 42905 + 73?
42978
In base 14, what is -7a0a9c7 + 2?
-7a0a9c5
In base 13, what is -16b5449 - -1?
-16b5448
In base 6, what is 5511130 - 1503?
5505223
In base 14, what is 8 + -d7a46?
-d7a3c
In base 11, what is -445 + 16a12?
16578
In base 13, what is -242992 + 145?
-24284a
In base 3, what is -1212121111020012 - -2?
-1212121111020010
In base 2, what is 110001101110000101110100010 + -100?
110001101110000101110011110
In base 4, what is -303330001002 + 2?
-303330001000
In base 8, what is 220756 - 3434?
215322
In base 8, what is 20330310 - -13?
20330323
In base 10, what is 4 - 8860294?
-8860290
In base 4, what is -220 + -322311333?
-322312213
In base 7, what is 1414223213 - -1?
1414223214
In base 4, what is 303001020200001 + -2?
303001020133333
In base 10, what is 49 + -47012?
-46963
In base 12, what is 588 + 8ba8a?
90456
In base 9, what is -3841 + 37101?
33150
In base 2, what is 1000001001 - 1001001101101100?
-1001000101100011
In base 2, what is 100010110100001000100 - -1000100?
100010110100010001000
In base 16, what is 2a7 + 62fd6?
6327d
In base 5, what is -10 - -223412103?
223412043
In base 3, what is -100011 - -101121220?
101021202
In base 4, what is -333233030 - 132?
-333233222
In base 3, what is -110020101 + -2222200120?
-10102220221
In base 9, what is -12325 + 102?
-12223
In base 11, what is -82 - 326527?
-3265a9
In base 3, what is 21222 + -1020201222202?
-1020201200210
In base 13, what is -1513974 + -38?
-15139ac
In base 11, what is 9974 + 22?
9996
In base 5, what is -23 + 2340114241?
2340114213
In base 12, what is -20aa1 - 390?
-21271
In base 16, what is 5 - 1aab4a?
-1aab45
In base 6, what is -102121 - 1444?
-104005
In base 10, what is 1 - 20530050?
-20530049
In base 3, what is -111 + -1212221212012?
-1212221212200
In base 15, what is -3 - -51c1578?
51c1575
In base 3, what is -1000100020 + -1102122?
-1001202212
In base 4, what is 110003330102 + 1?
110003330103
In base 2, what is -1000111100011101 + 111010110011001?
-1100110000100
In base 3, what is 1121020202010 - -1222122?
1121022201202
In base 12, what is -59280 + -188?
-59448
In base 15, what is 220cbd + d2?
220da0
In base 8, what is 2140 + 54540?
56700
In base 7, what is 1005 + -16146?
-15141
In base 8, what is -72 + 44151?
44057
In base 13, what is -167b - -6b9?
-c92
In base 9, what is 2 + 1126701?
1126703
In base 6, what is -251 - -2541111?
2540420
In base 7, what is -516 + 645316?
644500
In base 16, what is 4 - 2b7117?
-2b7113
In base 12, what is 65 + -b9402?
-b9359
In base 16, what is 2768 + -6816?
-40ae
In base 11, what is 1620313 - -16?
1620329
In base 10, what is -5825939 - -80?
-5825859
In base 15, what is -6 - -1e2ae?
1e2a8
In base 2, what is -111001101000010010111110 - 101?
-111001101000010011000011
In base 15, what is -e - -99cce3?
99ccd4
In base 15, what is -137 + 122?
-15
In base 10, what is 22929 + 115?
23044
In base 3, what is 2001111 + -1011201?
212210
In base 10, what is -918753 + -9?
-918762
In base 11, what is -27 - -1aa88a?
1aa863
In base 16, what is b2 + -9e96?
-9de4
In base 13, what is -4749c53 - 1?
-4749c54
In base 16, what is 8093fb - c?
8093ef
In base 12, what is 16272b5 + 24?
1627319
In base 10, what is 615 + 452900?
453515
In base 6, what is -103 - 1514301535?
-1514302042
In base 3, what is -12011101 - 10010002?
-22021110
In base 16, what is 5 - 24e91f?
-24e91a
In base 5, what is 1333 + -2403331?
-2401443
In base 13, what is 36a00116 + -3?
36a00113
In base 4, what is -2133 + 20131?
11332
In base 10, what is 1 - 30169493?
-30169492
In base 6, what is -1000 + -12230?
-13230
In base 16, what is 3 - 7846527?
-7846524
In base 16, what is 518 - 2096?
-1b7e
In base 16, what is -8a9 - -da?
-7cf
In base 2, what is -1110111011101000010111 - -1001?
-1110111011101000001110
In base 6, what is 0 + 554142235?
554142235
In base 14, what is -341 + -3d057?
-3d398
In base 6, what is 11455015350 + -5?
11455015341
In base 13, what is -262 - -30378?
30116
In base 14, what is -1c4 + 3194?
2db0
In base 3, what is 2 - -211211220101000?
211211220101002
In base 7, what is 4 + -40433653?
-40433646
In base 16, what is 22b + 5f41?
616c
In base 5, what is 1234 - -200144103?
200200342
In base 2, what is -10000100110101000000111 + 1100?
-10000100110100111111011
In base 12, what is 3 + -109725?
-109722
In base 3, what is 10111011 + 2010202?
12121220
In base 14, what is 7b4 + -2c68?
-2494
In base 7, what is 32 - -11165114?
11165146
In base 11, what is 20aa + 102a?
3129
In base 11, what is -1a686806a - 2?
-1a6868071
In base 16, what is -24f5 - a9b?
-2f90
In base 9, what is 10 - 60207737?
-60207727
In base 5, what is 0 + -3401414040?
-3401414040
In base 12, what is -79 - 2024343?
-2024400
In base 8, what is -32175 + 252707?
220512
In base 16, what is a - -21bbe82?
21bbe8c
In base 16, what is 1332901a - -1?
1332901b
In base 2, what is 10110001101010100010 + 10111011?
10110001101101011101
In base 8, what is 701530 + -407?
701121
In base 12, what is 55 - 21353?
-212ba
In base 5, what is -402024004401 - 10?
-402024004411
In base 14, what is -10 + -6c7171d?
-6c7172d
In base 8, what is 1131562 + 3?
1131565
In base 6, what is -30 + -1021434542?
-1021435012
In base 8, what is -25363 - 143007?
-170372
In base 9, what is -1154 + -26434?
-27588
In base 3, what is 110221001111021001 + -11?
110221001111020220
In base 3, what is -10120110 - -1010?
-10112100
In base 5, what is -11342224420 + -1?
-11342224421
In base 11, what is -4a756 + 457?
-4a2aa
In base 16, what is -19d - 2402?
-259f
In base 14, what is 5 - 29347d?
-293478
In base 7, what is 155 - -124410?
124565
In base 11, what is -4a2 - -22542?
22050
In base 12, what is 4 + 5b917759?
5b917761
In base 7, what is -1446024 - 255?
-1446312
In base 5, what is 41142210132 - -1?
41142210133
In base 8, what is 2350 - 7535?
-5165
In base 2, what is -110011010101010101100100 - -1000?
-110011010101010101011100
In base 6, what is 2540 + 225401?
232341
In base 6, what is 13214235 + -400?
13213435
In base 2, what is 11011100001111001100011 + 101?
11011100001111001101000
In base 13, what is 151471 - -61c?
151a90
In base 6, what is 1501324 - -224?
1501552
In base 2, what is -101010011 + -10001110101101011?
-10001111010111110
In base 13, what is 1198b99 + 3?
1198b9c
In base 5, what is -14 - -311214141?
311214122
In base 7, what is -16 + -3451341?
-3451360
In base 15, what is 0 - -33d820e?
33d820e
In base 7, what is -53541462 - -12?
-53541450
In base 15, what is -39 - -9ce48?
9ce0e
In base 2, what is -1000100111001110000 - -1011001101?
-1000100101110100011
In base 6, what is -142351115 + -20?
-142351135
In base 4, what is 1012 - -323023320?
323030332
In base 15, what is -c7e04 - -577?
-c787c
In base 10, what is 591831 - 283?
591548
In base 3, what is -120211101200 + 11?
-120211101112
In base 15, what is 1 + 270dcd?
270dce
In base 8, what is -125247 - -35331?
-67716
In base 13, what is 2615 + -4b2?
2133
In base 10, what is 5451236 - -42?
5451278
In base 6, what is 50104512 + -32?
50104440
In base 15, what is -2293 - 2b?
-22be
In base 3, what is -1020121122220 - -122?
-1020121122021
In base 11, what is -45 + -7a58375?
-7a5840a
In base 6, what is 2 - -40301354?
40301400
In base 13, what is 1c - -35c6a?
35c89
In base 8, what is -77 + 134220?
134121
In base 13, what is 14b2 + -2c90?
-17ab
In base 14, what is 1 + -375d1?
-375d0
In base 8, what is -5 + 17150250?
17150243
In base 10, what is -39 + -2214808?
-2214847
In base 3, what is -210010 + 1120102112221?
1120101202211
In base 3, what is 10220001 + 1000001211?
1010221212
In base 9, what is 1072108862 + -5?
1072108856
In base 13, what is 84bc13 + -2?
84bc11
In base 11, what is -120 - -858157?
858037
In base 15, what is -2 - -3aa735b?
3aa7359
In base 13, what is -5173 - 16bc?
-6862
In base 10, wh